n base 8, what is 7 + 332253700?
332253707
In base 3, what is -1112 + 2100202010?
2100200121
In base 12, what is 692 - -89851?
8a323
In base 13, what is 3083a998 - 5?
3083a993
In base 3, what is 2 - 1220110121020?
-1220110121011
In base 16, what is -9130 + ca?
-9066
In base 6, what is 14 + 2000433550?
2000434004
In base 12, what is -112557a9b + 0?
-112557a9b
In base 3, what is -10202121 - 2022212012?
-2110121210
In base 9, what is 0 - -14688643?
14688643
In base 2, what is 1110100100101000 + -1000000?
1110100011101000
In base 13, what is 159b + 502c9?
51897
In base 5, what is 1242310 + -333343?
403412
In base 9, what is -2 + -148735136?
-148735138
In base 5, what is 2420004414 + -10?
2420004404
In base 14, what is 4529d3 - 4?
4529cd
In base 10, what is 27463497 + 5?
27463502
In base 7, what is 502 + -5235153?
-5234351
In base 15, what is -5b7b + 16c4?
-44a7
In base 6, what is 4 + 5525021512?
5525021520
In base 9, what is -24605 + 616?
-23878
In base 5, what is -4414043421 - -21?
-4414043400
In base 15, what is -7d04 + 315?
-79de
In base 7, what is 652 + 514212?
515164
In base 8, what is -3 + 15735025?
15735022
In base 13, what is -10c - 9740?
-984c
In base 3, what is -1201011021021 - -12?
-1201011021002
In base 11, what is -17a008 - -1a?
-179a99
In base 13, what is 3b666 + 811?
3c177
In base 7, what is 5 - 26142531?
-26142523
In base 13, what is 216739 - 402?
216337
In base 11, what is 3367022 + 10?
3367032
In base 10, what is 477749 + 222?
477971
In base 9, what is 1 + 10446441?
10446442
In base 2, what is -1 + 100001110111100011?
100001110111100010
In base 10, what is 206638 + 83?
206721
In base 4, what is -2133212002 + -2132?
-2133220200
In base 9, what is -1458 - 3847?
-5416
In base 2, what is 1000101001101100100010101 + 10011?
1000101001101100100101000
In base 8, what is 25565 - -1213?
27000
In base 4, what is 120 - 31013222?
-31013102
In base 8, what is -637252403 + -5?
-637252410
In base 12, what is 288a81a - -20?
288a83a
In base 4, what is -1 + 10012013301301?
10012013301300
In base 4, what is -21310013312 + 10?
-21310013302
In base 9, what is -178631 - -570?
-178051
In base 8, what is 4307 + 11267?
15576
In base 9, what is -65 + 432762?
432686
In base 3, what is -21111110 - -1211121?
-12122212
In base 15, what is -e986 + 50?
-e936
In base 8, what is -35453 + 1046?
-34405
In base 7, what is 5 - 1205425310?
-1205425302
In base 5, what is -122420243 + -104?
-122420402
In base 5, what is -1330304 - 314134?
-2144443
In base 13, what is -2acaa - 288a?
-30867
In base 10, what is -2266 - -71571?
69305
In base 9, what is 27437475 + 3?
27437478
In base 6, what is -1345452 - 15?
-1345511
In base 7, what is 2 - -63216046?
63216051
In base 11, what is -84 + -43004?
-43088
In base 9, what is 5767553 - 3?
5767550
In base 13, what is -c4198 + -1a3?
-c436b
In base 4, what is 101 + -23311113302?
-23311113201
In base 9, what is 31274346 - -4?
31274351
In base 14, what is -554 - 12c80?
-133d4
In base 4, what is -33221013101 + 11?
-33221013030
In base 3, what is -1001102212102012 - -2?
-1001102212102010
In base 3, what is 10212000 + -1021121210?
-1010202210
In base 9, what is -3 + 11300755?
11300752
In base 14, what is 5 - 1900cdc?
-1900cd7
In base 7, what is -2165 - 264065?
-266263
In base 11, what is 47596 - -4191?
50777
In base 16, what is -47 - 28700?
-28747
In base 12, what is 321 - -30b7?
3418
In base 6, what is 2 + -2434535100?
-2434535054
In base 9, what is -11347405 + 1?
-11347404
In base 7, what is 46 + -2165122?
-2165043
In base 10, what is 316541 + 365?
316906
In base 15, what is 616b91 - 3?
616b8d
In base 8, what is -123 - 215007?
-215132
In base 10, what is -6662019 - -73?
-6661946
In base 9, what is 373330538 - 5?
373330533
In base 5, what is -110413204 + 2213?
-110410441
In base 6, what is -553 - -10402420?
10401423
In base 12, what is -a + 413aa06?
413a9b8
In base 14, what is -571 + -cd2?
-1463
In base 10, what is -9175 - 1214?
-10389
In base 9, what is -10712756 + 1?
-10712755
In base 15, what is -a + 24b750?
24b745
In base 6, what is 54014 - 351?
53223
In base 7, what is -36 - 354412511?
-354412550
In base 15, what is -17 + 703e8d?
703e76
In base 7, what is -4 - -43551144?
43551140
In base 7, what is -144364 - -1152?
-143212
In base 15, what is -76 - 1025ea?
-102671
In base 13, what is -3 + -628c8?
-628cb
In base 4, what is 220130000 + 2320?
220132320
In base 7, what is 4 - 502421163?
-502421156
In base 14, what is -4 + -1487398?
-148739c
In base 5, what is -132203412323 - -4?
-132203412314
In base 3, what is 121212102222 + 11?
121212110010
In base 12, what is -3 + -62101a5?
-62101a8
In base 2, what is -11 - 1010111101000011000110011100?
-1010111101000011000110011111
In base 13, what is -3901 + 535?
-3399
In base 2, what is 1111111110111 + -100001011010?
1011110011101
In base 4, what is 20033200 - -220?
20100020
In base 11, what is 7098311 - 4?
7098308
In base 2, what is -10101010100110100 - 0?
-10101010100110100
In base 14, what is -8200463 - -14?
-820044d
In base 12, what is -43 - -2a7728?
2a76a5
In base 6, what is 102012344111 + 4?
102012344115
In base 5, what is -344100 + 1432?
-342113
In base 10, what is -1 + -102600991?
-102600992
In base 14, what is -24b0 + 9674?
71a4
In base 15, what is -3 - 53b226?
-53b229
In base 2, what is 1000000101100 - -111001110000?
1111010011100
In base 12, what is 2 - 811884?
-811882
In base 5, what is 232 - 2212333441?
-2212333204
In base 16, what is -3 - f373d1?
-f373d4
In base 5, what is -12044021122 + -2?
-12044021124
In base 16, what is -64bc6 + -3a?
-64c00
In base 9, what is 3332 - 68005?
-64563
In base 2, what is -11001100001101111011010110 - 0?
-11001100001101111011010110
In base 16, what is 129dd11 - -3?
129dd14
In base 11, what is 248 + -99202?
-98a65
In base 4, what is -131230133 + -20022?
-131310221
In base 7, what is -34226 - 11114?
-45343
In base 3, what is 210111021 - -2222010211?
10202122002
In base 9, what is 664483 + 73?
664566
In base 4, what is -212120330313 + -1032?
-212120332011
In base 8, what is -170441 - 36?
-170477
In base 13, what is -218 + -8c75a?
-8c975
In base 14, what is 928 + -378?
590
In base 2, what is 101000111110011101 + -11000111100?
101000100101100001
In base 12, what is -55a6992 - -2?
-55a6990
In base 6, what is -3 + -243234455?
-243234502
In base 3, what is -10212200221 + 220101?
-10211210120
In base 13, what is -2b50a39 - 0?
-2b50a39
In base 9, what is -425443703 - -2?
-425443701
In base 11, what is -279a5 + 1a131?
-8874
In base 10, what is -5 + -27524985?
-27524990
In base 12, what is -28b90739 + 2?
-28b90737
In base 3, what is 22 + 10200002122001022?
10200002122001121
In base 13, what is 11 - -7822ba?
7822cb
In base 3, what is 1010012012222 + 211102?
1010020001101
In base 7, what is -3415 - -1305144?
1301426
In base 2, what is -10 - -1000110011101011100111000?
1000110011101011100110110
In base 11, what is 24a60 - -361?
25311
In base 4, what is -2230033021312 + -11?
-2230033021323
In base 8, what is -173 - -1600415?
1600222
In base 13, what is 1 - 40572?
-40571
In base 6, what is 530211024041 + -5?
530211024032
In base 5, what is -20411143 - -110?
-20411033
In base 2, what is 10111011010101100 - -101011101010?
11000000110010110
In base 9, what is 337 - 178177?
-177740
In base 9, what is -10635 + -5884?
-16630
In base 12, what is 3 - 364052b9?
-364052b6
In base 10, what is 1 - 2828240?
-2828239
In base 9, what is -4 - -73246258?
73246254
In base 5, what is -4314 + 2224014?
2214200
In base 8, what is -5111565 - 7?
-5111574
In base 10, what is 51 + 129215?
129266
In base 8, what is 205 - -14625?
15032
In base 9, what is -78 - -2150321?
2150232
In base 15, what is 80e1b + -17?
80e04
In base 15, what is 1323 + 928?
1c4b
In base 14, what is -4 - 31bd6c?
-31bd72
In base 8, what is -435146 + -1527?
-436675
In base 3, what is -1020012221210 - -11?
-1020012221122
In base 2, what is -110001001100001010001 - -101100?
-110001001100000100101
In base 9, what is 23 + 5740343?
5740366
In base 8, what is -5352 + 1214471?
1207117
In base 15, what is -bcc339 - 0?
-bcc339
In base 2, what is -11100011011001 - -1010011001110?
-10010000001011
In base 8, what is -1707301 + 4?
-1707275
In base 4, what is -2113200 - -30032122?
21312322
In base 15, what is -2 + -5d4c0?
-5d4c2
In base 